 + -20 + 11))
10
What is the value of 7 + 65 + -31 + -61?
-20
Evaluate 9 + -5 + 1 + -9.
-4
(-29 - -17) + 9 - -20
17
Calculate 19 - 7 - 16 - (-1 + -21).
18
Calculate (-494 - -487) + (19 - -1).
13
What is the value of (-1 - 21) + 0 - (17 - (-28 - -43))?
-24
19 + -23 + 7 - 10
-7
What is 7 + -5 + 15 + (7 - (13 + -15))?
26
Calculate -26 + 23 + (-9 - 8).
-20
Calculate 1 - (3 + 12 - (4 + -4)).
-14
What is (-2 - -3) + 15 + -12 + 8?
12
Calculate -8 + -9 - (12 + -22).
-7
Evaluate -11 + 3 - (-1 - -1) - -5.
-3
(1 - -7) + -21 - (-13 - -8)
-8
3 + 3 + 45 + -51
0
8 + 26 + -10 + -11 + 8
21
What is the value of 3 - (-2 + 13) - (-5 - -1)?
-4
(35 + 5 - 16) + 1
25
Evaluate -34 + 27 + (3 - -4) + 7.
7
Evaluate (-3 - 6) + 24 + -18 - -19.
16
What is the value of -23 + 7 + -14 + 17?
-13
What is 1 + 8 - (-61 - -73)?
-3
Calculate 60 + -49 + 18 + -1.
28
What is the value of 3 - (-2 - 0) - (235 - 235)?
5
What is -17 - (8 + (-17 + 15 - 12))?
-11
Calculate 2 + -5 + (9 - 12) + -1.
-7
-8 + 5 + 2 + 4 - 4
-1
Evaluate (-87 - -95) + (-12 - (0 + -3)).
-1
7 - -4 - 6 - (-8 - -12)
1
What is the value of (16 - 0) + (62 - 66)?
12
What is the value of -1 + -1 + 17 + 154 + -152 + 3?
20
Calculate (3 - 1) + (3 - 19 - -23).
9
15 - (7 + -19 + 17)
10
What is the value of (5 - 12) + 0 + -2 + 27?
18
13 - (-3 - -1 - -23)
-8
What is the value of -13 - (-37 + 73 - 23)?
-26
Evaluate -3 + -7 + 12 - -6.
8
What is the value of 20 + (9 - (-4 - -8) - 1)?
24
Evaluate 14 - 16 - (0 + -4 - (-13 - -13)).
2
Calculate 18 - (-91 - -110 - (-15 - 2)).
-18
What is (3 - -6) + (7 + -1 - 27)?
-12
What is (-3 - -3) + (15 - 28) + 8 + 0?
-5
What is the value of (117 - 76) + (-20 - -1)?
22
What is the value of (0 - 12) + (19 - (46 - 54))?
15
Calculate 3 - (38 - (46 + -21)).
-10
7 - (24 + -16 + 7)
-8
9 - ((-13 - -38) + -14 - (1 + 0))
-1
Calculate 0 - 15 - (-107 - -110).
-18
-177 - -147 - (5 + -4)
-31
What is 20 - (0 + 15 - (-294 + 298))?
9
Evaluate 7 + (-5 - 6 - (-3 - -9)) - -1.
-9
What is the value of 41 + (-37 - -24) - (6 - (-2 + 1))?
21
Evaluate -8 - (-13 + -9) - 6.
8
What is -4 - -5 - -3 - (13 + (-26 - 4))?
21
Calculate 1 - (-22 + 2 - (56 + -71)).
6
What is (29 - 21) + -6 + -1 - (0 - 3)?
4
Calculate 1 + -6 - (13 + -23 + -6).
11
Evaluate (-22 - (-2 + -22)) + -1 + -5.
-4
What is the value of (39 - 2 - 23) + 19?
33
2 + -9 + ((2 - 5) + 12 - 6)
-4
Evaluate (-1 - 2) + (8 - -4) + -27 + 11.
-7
-2 + ((-6 - -4) + 10 - 9)
-3
Evaluate -1 + (-27 - -47 - 25).
-6
-27 + -13 + 25 + 38
23
(-8 - (-3 + -1 - 12)) + -21
-13
What is -28 - -15 - -2 - (-5 + -1)?
-5
What is the value of -18 + 5 + (-12 - -7 - -8) + -5?
-15
Evaluate -20 - (-21 - -22 - 1).
-20
Evaluate -1 + 2 - -11 - (73 + -70).
9
Calculate 18 - 14 - ((-3 - -12) + (2 - -5)).
-12
What is 7 + -18 + (3 - -3) - (-2 + -5)?
2
(-8 + 11 - 4) + 2
1
42 - (9 - 0) - 27
6
Calculate 10 - (-7 + 11 + 20 - 12).
-2
Calculate -63 + 36 + 38 + -36.
-25
-19 + 6 + 11 + 10 - (-8 + -1)
17
What is the value of 10 + (-20 - 23) - -31?
-2
5 + 1 - ((20 - 64) + 33)
17
What is (-39 - -26) + 8 + 0?
-5
218 + -264 + -2 + 29
-19
Evaluate (-11 - 7) + 0 - -8.
-10
Evaluate (-5 - -14) + (9 - 11 - 23) + 4.
-12
Calculate 1 - (-5 + -2 + (-14 - -14) + 8).
0
-5 - (-5 - (7 - 0)) - (6 - 1)
2
What is -12 - (-1 - 6) - (-14 - 5)?
14
29 + -67 - -27 - (1 + 10)
-22
Evaluate (2 - 1) + 3 - (17 + 12 + -11).
-14
What is -38 + (-11 - (17 - 35))?
-31
Evaluate 2 + 11 + -16 - 0.
-3
1 - 11 - (6 - 14) - 10
-12
Evaluate -8 + ((-3 - 1) + 5 - 6) + 6.
-7
Evaluate -10 + 19 - (-2 - 1 - -2).
10
Calculate 6 + (-12 - -2) + (-7 - -4).
-7
6 + 2 - (3 - (-3 - (8 + -5)))
-1
Evaluate (-2 - (2 + 5)) + 5 - 5.
-9
Evaluate 28 + 12 + (-10 - 17).
13
Evaluate -1 + 1 + 1 + -7 + 18.
12
2 - 12 - (-43 + 33)
0
What is -11 + 8 + 7 - 16?
-12
Calculate (-25 + 14 - (-1 - -4)) + 2 + -2.
-14
Calculate 24 + 12 + -25 - (9 + (-1 - 1)).
4
Calculate -13 + -15 + 30 + 6.
8
Evaluate (-19 - 13 - -69) + -25.
12
What is 8 - 1 - (0 - 4)?
11
What is -7 + 1 - (-38 + 3 + 46)?
-17
Calculate (6 - 2) + (-1 - (-5 + 1)) + 2.
9
What is 24 - 44 - -20 - (-6 + 1 + 0)?
5
9 + -12 - (3 - -2 - -11)
-19
Calculate -4 + (14 - -2) - 13.
-1
Calculate -1 - -9 - ((-8 - 2) + 1).
17
Evaluate -8 - -7 - (-7 - (-3 - (-3 - -3))).
3
What is -4 - (-24 + 7) - 24 - -26?
15
Calculate -2 - ((-5 - -7) + 6).
-10
Evaluate -16 + (18 - (-22 + 12)).
12
Evaluate -2 + -8 - (26 + -13 + -19).
-4
327 - 328 - ((0 - 1) + (-1 - -3))
-2
Evaluate (49 - 65) + 3 + -2 + -9.
-24
Calculate (-40 - (-45 + 15)) + (1 - 8) - 1.
-18
13 + -4 + -9 + (2 - 8)
-6
Calculate (47 - 39) + (5 + -1 - 29).
-17
Calculate (-11 - -2 - (-23 - -1)) + -22.
-9
What is the value of 6 + (-4 - 1 - (-13 - (-6 - -3)))?
11
What is 3 - (-9 - -20) - (-7 + 2)?
-3
Evaluate 1 + -14 - (-2 + 17 - 24).
-4
What is the value of -3 + (3 + 7 - 13) + (-20 - -1)?
-25
-13 - (88 + -85 - (0 + 2) - -7)
-21
Calculate 1 - 2 - 1 - (-31 - -11 - -29).
-11
(-14 - -10) + (-2 - -6) - (18 - 5)
-13
What is the value of 3 + (-2 - (-7 - -13)) + -2 + 8?
1
12 + -33 + -10 + 38
7
Evaluate -99 + 105 + 4 + -1.
9
Evaluate -6 - ((0 - 3) + -2 - (10 - 5)).
4
What is the value of 16 - (-2 + 26 - 13)?
5
Evaluate -2 + (-12 - -13) - (0 + 24 + 5).
-30
0 + 16 - (23 + 6)
-13
What is -5 - (-36 - -13) - (-1 - -4)?
15
-3 + (-11 - -5) + 6 + (6 - 12)
-9
What is the value of (15 - 13) + -1 - 3?
-2
Evaluate (-15 - -21) + -2 + -3 + (8 - 17).
-8
Calculate -46 + 24 + 3 - -34.
15
Calculate -11 + (-3 - 1 - 11).
-26
What is 6 + -9 + 0 + 2 + -1?
-2
Evaluate -87 + 56 - (4 + (-18 - 0)).
-17
Evaluate 1 - -1 - (41 + -33).
-6
Evaluate (-14 - (26 + -33)) + -9 + 0.
-16
What is 8 - 33 - -16 - (1 - 9)?
-1
What is the value of (0 - -4) + (4 + 7 - 13)?
2
What is the value of -1 + -1 + (65 + -79 - (-6 + 1))?
-11
What is 7 + (9 - (1 - -8)) + -6?
1
Calculate 8 + 6 + (-7 - 0) + 55 + -48.
14
((-10 - -7) + -3 - -26) + 0
20
What is the value of 20 - (-2 - 1 - -12 - (30 - 26))?
15
Evaluate -16 + (-7 - (-9 + -6)) - -8.
0
What is -23 - ((3 - 5) + -4)?
-17
Evaluate 31 + (-14 - 23) + 6 + 0.
0
What is the value of -1 + 2 + (8 - (48 + -24))?
-15
What is -11 - (11 + (-12 - (18 + -9 + -1)))?
-2
Evaluate -6 - (31 + -5 - 5).
-27
What is 589 + -554 + (-11 - (0 + 1))?
23
Evaluate 7 + (1 - 7) + (-1 - -15).
15
Calculate (7 - 6 - (-40 - -36)) + -9 + 3.
-1
What is -1 + -8 + 12 - (21 - 12)?
-6
What is the value of ((0 - (15 + -7)) + 17 - 3) + -10?
-4
Calculate (11 - -1) + (-13 - (23 + -19)).
-5
What is -1 - -18 - (11 - 4)?
10
What is the value of (25 - (11 - -7)) + -13?
-6
21 - (8 - (4 - 6))
11
What is the value of 19 + (0 + -11 - (103 + -123))?
28
What is the value of 3 + (-6 - 0) + (15 - 18)?
-6
Evaluate 4 + -4 - (15 - 16).
1
Evaluate -57 + 42 - (4 - 31).
12
16 + 2 + -25 + 27 + -2
18
-2 + (10 + -9 - -1 - -15) + -12
3
What is the value of (-20 - (-40 + 21)) + -9?
-10
Calculate (39 - 45) + -17 + 62.
39
(-12 + 13 - (1 + -8)) + 4 + -7
5
What is the value of 6 + 1 + (-41 - (64 - 76))?
-22
Calculate -11 - ((7 - 38) + 11).
9
Calculate 26 + (-26 - -3) - (3 + -1).
1
Calculate (-166 - -181) + -15 + 2 - -8.
10
Evaluate -3 - ((15 - 13) + -2 - -16).
-19
What is -28 + -3 + 11 + 7?
-13
30 + -1 + -6 + -8
15
What is (9 - 3 - -1) + -14?
-7
3 + 1 + (-5 + 18 - 12)
5
(-13 - -22 - -7) + -18 - (-1 - 2)
1
Evaluate ((10 - (-3 - -7)) + 4 - 1) + -4.
5
What is the value of 14 - (4 + 11 + 6)?
-7
-26 - 1 - ((-272 - -289) + (-23 - 0))
-21
Evaluate 11 + (-18 - -16) + 3.
12
What is the value of 1 + 11 - (-3 + 16)?
-1
-10 - (-7 + (-3 - -3) + 6 - 0)
-9
Calculate (3 - 2) + (2 - 1) + -231 + 233.
4
What is 0 + 14 - ((-9 - 4) + (-53 - -64))?
16
Calculate (6 - 38 - -14) + (-1 - 0).
-19
(7 - (3 - 1 - -1)) + (35 - 40)
-1
What is -7 - ((-17 - -3 - -17) + 5)?
-15
(-1 - (-2 - 0)) + -2 + -20 + 12
-9
-5 + 3 - (21 - 22)
-1
Calculate 24 - (21 + -17 + (1 - -4)).
15
-18 + -3 - (3 - 6)
-18
Evaluate -2 + 1 + 2 + -13 + (-5 - -9).
-8
Evaluate 11 + 0 + (7 - 9) - (-5 + -10).
24
Evaluate (3 + -11 - -10 - (-1 - 12)) + 0.
15
-3 - 1 - (-3 - 2 - (-34 + 27))
-6
(-2 - -3) + -9 + 2 + -5
-11
What is the value of -2 + -6 - (-9 - (7 + -11))?
-3
What is the value of 14 + -2 + 3 + -48 - -8?
-25
What is -5 - ((4 - 2) + -12)?
5
What is (-13 - (4 - -8 - 45)) + 4?
24
Evaluate 0 + 0 + -1 + (4 - 6) + 2.
-1
2 - (28 - (4 + -11 + 12))
-21
Evaluate -12 - (7 + (-34 - -21)).
-6
What is 12 - (-8 + 14 + 5 + -16)?
17
-45 - (6 + 11 - 41)
-21
Ev